{"id":1072,"date":"2017-09-02T03:09:24","date_gmt":"2017-09-02T03:09:24","guid":{"rendered":"http:\/\/construction.hire-wordpress-developers.com\/?page_id=1072"},"modified":"2021-09-14T00:03:13","modified_gmt":"2021-09-13T21:03:13","slug":"home-v1","status":"publish","type":"page","link":"https:\/\/www.aramerproje.com\/","title":{"rendered":"Home V1"},"content":{"rendered":"<p>[vc_row][vc_column]\n\t\t\t<!-- START Slider One REVOLUTION SLIDER 6.1.7 --><p class=\"rs-p-wp-fix\"><\/p>\n\t\t\t<rs-module-wrap id=\"rev_slider_1_1_wrapper\" data-source=\"gallery\" style=\"padding:0;\">\n\t\t\t\t<rs-module id=\"rev_slider_1_1\" style=\"display:none;\" data-version=\"6.1.7\">\n\t\t\t\t\t<rs-slides>\n\t\t\t\t\t\t<rs-slide data-key=\"rs-2\" data-title=\"Slide\" data-thumb=\"\/\/aramerproje.com\/wp-content\/uploads\/revslider\/slider-one\/slider2.jpg\" data-anim=\"ei:d;eo:d;s:d;r:0;t:curtain-1;sl:d;\">\n\t\t\t\t\t\t\t<img decoding=\"async\" src=\"\/\/aramerproje.com\/wp-content\/uploads\/revslider\/slider-one\/slider2.jpg\" title=\"Home V1\" class=\"rev-slidebg\" data-no-retina>\n<!--\n\t\t\t\t\t\t\t--><h2\n\t\t\t\t\t\t\t\tid=\"slider-1-slide-2-layer-1\" \n\t\t\t\t\t\t\t\tclass=\"rs-layer\"\n\t\t\t\t\t\t\t\tdata-type=\"text\"\n\t\t\t\t\t\t\t\tdata-color=\"rgba(255, 255, 255, 1)\"\n\t\t\t\t\t\t\t\tdata-rsp_ch=\"on\"\n\t\t\t\t\t\t\t\tdata-xy=\"x:c;y:m,m,t,t;yo:-120px,-120px,390px,231px;\"\n\t\t\t\t\t\t\t\tdata-text=\"w:nowrap,nowrap,normal,normal;s:80,80,60,60;l:75,75,60,60;fw:700;a:center;\"\n\t\t\t\t\t\t\t\tdata-dim=\"w:auto,auto,90%,90%;\"\n\t\t\t\t\t\t\t\tdata-frame_0=\"x:left;o:1;tp:600;\"\n\t\t\t\t\t\t\t\tdata-frame_1=\"tp:600;st:1000;sp:1000;sR:1000;\"\n\t\t\t\t\t\t\t\tdata-frame_999=\"x:left;tp:600;st:8500;sp:1000;sR:6500;\"\n\t\t\t\t\t\t\t\tstyle=\"z-index:5;font-family:Montserrat;text-transform:capitalize;\"\n\t\t\t\t\t\t\t>G\u00dcVEN \u0130N\u015eAA EDER \n\t\t\t\t\t\t\t<\/h2><!--\n\n\t\t\t\t\t\t\t--><rs-layer\n\t\t\t\t\t\t\t\tid=\"slider-1-slide-2-layer-2\" \n\t\t\t\t\t\t\t\tdata-type=\"text\"\n\t\t\t\t\t\t\t\tdata-color=\"rgba(255, 255, 255, 1)\"\n\t\t\t\t\t\t\t\tdata-rsp_ch=\"on\"\n\t\t\t\t\t\t\t\tdata-xy=\"x:c;y:m;yo:0,0,51px,88px;\"\n\t\t\t\t\t\t\t\tdata-text=\"w:normal;s:28,28,23,22;l:40,40,30,30;a:center;\"\n\t\t\t\t\t\t\t\tdata-dim=\"w:1144px,1144px,90%,90%;\"\n\t\t\t\t\t\t\t\tdata-frame_0=\"x:left;o:1;tp:600;\"\n\t\t\t\t\t\t\t\tdata-frame_1=\"x:0,0,0,0px;y:0,0,0,0px;tp:600;e:Power2.easeInOut;st:1500;sp:1000;sR:1500;\"\n\t\t\t\t\t\t\t\tdata-frame_999=\"x:left;tp:600;e:nothing;st:8000;sp:1000;sR:5500;\"\n\t\t\t\t\t\t\t\tstyle=\"z-index:6;font-family:Montserrat;\"\n\t\t\t\t\t\t\t>M\u00fchendislik ve Yap\u0131m \u0130\u015flerinde H\u0131zl\u0131 ve Kaliteli \u00c7\u00f6z\u00fcmler ile Hayalini Kurdu\u011funuz <br \/>\nGelece\u011fi \u00c7iziyoruz \n\t\t\t\t\t\t\t<\/rs-layer><!--\n\n\t\t\t\t\t\t\t--><rs-layer\n\t\t\t\t\t\t\t\tid=\"slider-1-slide-2-layer-3\" \n\t\t\t\t\t\t\t\tclass=\"rev-btn\"\n\t\t\t\t\t\t\t\tdata-type=\"button\"\n\t\t\t\t\t\t\t\tdata-color=\"rgba(255, 255, 255, 1)\"\n\t\t\t\t\t\t\t\tdata-xy=\"x:c;y:m;yo:113px,113px,174px,220px;\"\n\t\t\t\t\t\t\t\tdata-text=\"w:nowrap,nowrap,normal,nowrap;s:14,14,14,11;l:14,14,14,11;fw:700;a:center;\"\n\t\t\t\t\t\t\t\tdata-rsp_bd=\"off\"\n\t\t\t\t\t\t\t\tdata-padding=\"t:18,18,18,14;r:35,35,35,27;b:18,18,18,14;l:35,35,35,27;\"\n\t\t\t\t\t\t\t\tdata-border=\"bos:solid;bow:2px,2px,2px,2px;bor:5px,5px,5px,5px;\"\n\t\t\t\t\t\t\t\tdata-frame_0=\"x:left;o:1;tp:600;\"\n\t\t\t\t\t\t\t\tdata-frame_1=\"x:0,0,0,0px;y:0,0,0,0px;tp:600;e:Power2.easeInOut;st:2000;sp:1000;sR:2000;\"\n\t\t\t\t\t\t\t\tdata-frame_999=\"x:left;tp:600;e:nothing;st:7500;sp:1000;sR:4500;\"\n\t\t\t\t\t\t\t\tdata-frame_hover=\"bgc:#ffa000;bor:5px,5px,5px,5px;bos:solid;bow:2px,2px,2px,2px;oX:50;oY:50;sp:0;\"\n\t\t\t\t\t\t\t\tstyle=\"z-index:7;background-color:rgba(255,160,0,1);font-family:Montserrat;text-transform:uppercase;cursor:pointer;outline:none;box-shadow:none;box-sizing:border-box;-moz-box-sizing:border-box;-webkit-box-sizing:border-box;\"\n\t\t\t\t\t\t\t>Projelere g\u00f6z at \n\t\t\t\t\t\t\t<\/rs-layer><!--\n\n\t\t\t\t\t\t\t--><rs-layer\n\t\t\t\t\t\t\t\tid=\"slider-1-slide-2-layer-5\" \n\t\t\t\t\t\t\t\tdata-type=\"text\"\n\t\t\t\t\t\t\t\tdata-color=\"rgba(255, 255, 255, 1)\"\n\t\t\t\t\t\t\t\tdata-rsp_ch=\"on\"\n\t\t\t\t\t\t\t\tdata-xy=\"x:c;y:m;yo:-210px,-210px,-141px,-193px;\"\n\t\t\t\t\t\t\t\tdata-text=\"w:nowrap,nowrap,normal,normal;s:25,25,30,30;l:40,40,30,30;fw:600;a:left,left,center,center;\"\n\t\t\t\t\t\t\t\tdata-dim=\"w:auto,auto,90%,90%;\"\n\t\t\t\t\t\t\t\tdata-frame_0=\"x:left;o:1;tp:600;\"\n\t\t\t\t\t\t\t\tdata-frame_1=\"tp:600;e:Power2.easeInOut;st:1500;sp:1000;sR:1500;\"\n\t\t\t\t\t\t\t\tdata-frame_999=\"x:left;tp:600;e:nothing;st:8000;sp:1000;sR:5500;\"\n\t\t\t\t\t\t\t\tstyle=\"z-index:8;font-family:Montserrat;text-transform:uppercase;\"\n\t\t\t\t\t\t\t>aramer proje \n\t\t\t\t\t\t\t<\/rs-layer><!--\n-->\t\t\t\t\t\t<\/rs-slide>\n\t\t\t\t\t\t<rs-slide data-key=\"rs-3\" data-title=\"Slide\" data-thumb=\"\/\/aramerproje.com\/wp-content\/uploads\/revslider\/slider-one\/slider1.jpg\" data-anim=\"ei:d;eo:d;s:d;r:0;t:curtain-1;sl:d;\">\n\t\t\t\t\t\t\t<img decoding=\"async\" src=\"\/\/aramerproje.com\/wp-content\/uploads\/revslider\/slider-one\/slider1.jpg\" title=\"Home V1\" class=\"rev-slidebg\" data-no-retina>\n<!--\n\t\t\t\t\t\t\t--><h2\n\t\t\t\t\t\t\t\tid=\"slider-1-slide-3-layer-1\" \n\t\t\t\t\t\t\t\tclass=\"rs-layer\"\n\t\t\t\t\t\t\t\tdata-type=\"text\"\n\t\t\t\t\t\t\t\tdata-color=\"rgba(255, 255, 255, 1)\"\n\t\t\t\t\t\t\t\tdata-rsp_ch=\"on\"\n\t\t\t\t\t\t\t\tdata-xy=\"x:c;y:m,m,t,t;yo:-120px,-120px,390px,231px;\"\n\t\t\t\t\t\t\t\tdata-text=\"w:nowrap,nowrap,normal,normal;s:80,80,60,60;l:75,75,60,60;fw:700;a:center;\"\n\t\t\t\t\t\t\t\tdata-dim=\"w:auto,auto,90%,90%;\"\n\t\t\t\t\t\t\t\tdata-frame_0=\"x:left;o:1;tp:600;\"\n\t\t\t\t\t\t\t\tdata-frame_1=\"tp:600;st:1000;sp:1000;sR:1000;\"\n\t\t\t\t\t\t\t\tdata-frame_999=\"x:left;tp:600;st:8500;sp:1000;sR:6500;\"\n\t\t\t\t\t\t\t\tstyle=\"z-index:5;font-family:Montserrat;text-transform:capitalize;\"\n\t\t\t\t\t\t\t>GELECEK B\u0130Z\u0130MLE \n\t\t\t\t\t\t\t<\/h2><!--\n\n\t\t\t\t\t\t\t--><rs-layer\n\t\t\t\t\t\t\t\tid=\"slider-1-slide-3-layer-2\" \n\t\t\t\t\t\t\t\tdata-type=\"text\"\n\t\t\t\t\t\t\t\tdata-color=\"rgba(255, 255, 255, 1)\"\n\t\t\t\t\t\t\t\tdata-rsp_ch=\"on\"\n\t\t\t\t\t\t\t\tdata-xy=\"x:c;xo:27px,27px,0,0;y:m;yo:0,0,51px,88px;\"\n\t\t\t\t\t\t\t\tdata-text=\"w:normal;s:25,25,23,22;l:40,40,30,30;a:center;\"\n\t\t\t\t\t\t\t\tdata-dim=\"w:1082px,1082px,90%,90%;\"\n\t\t\t\t\t\t\t\tdata-frame_0=\"x:left;o:1;tp:600;\"\n\t\t\t\t\t\t\t\tdata-frame_1=\"x:0,0,0,0px;y:0,0,0,0px;tp:600;e:Power2.easeInOut;st:1500;sp:1000;sR:1500;\"\n\t\t\t\t\t\t\t\tdata-frame_999=\"x:left;tp:600;e:nothing;st:8000;sp:1000;sR:5500;\"\n\t\t\t\t\t\t\t\tstyle=\"z-index:6;font-family:Montserrat;\"\n\t\t\t\t\t\t\t>M\u00fchendislik ve Yap\u0131m \u0130\u015flerinde H\u0131zl\u0131 ve Kaliteli \u00c7\u00f6z\u00fcmler ile Hayalini Kurdu\u011funuz <br \/>\nGelece\u011fi \u00c7iziyoruz \n\t\t\t\t\t\t\t<\/rs-layer><!--\n\n\t\t\t\t\t\t\t--><rs-layer\n\t\t\t\t\t\t\t\tid=\"slider-1-slide-3-layer-3\" \n\t\t\t\t\t\t\t\tclass=\"rev-btn\"\n\t\t\t\t\t\t\t\tdata-type=\"button\"\n\t\t\t\t\t\t\t\tdata-color=\"rgba(255, 255, 255, 1)\"\n\t\t\t\t\t\t\t\tdata-xy=\"x:c;y:m;yo:113px,113px,174px,220px;\"\n\t\t\t\t\t\t\t\tdata-text=\"w:nowrap,nowrap,normal,nowrap;s:14,14,14,11;l:14,14,14,11;fw:700;a:center;\"\n\t\t\t\t\t\t\t\tdata-rsp_bd=\"off\"\n\t\t\t\t\t\t\t\tdata-padding=\"t:18,18,18,14;r:35,35,35,27;b:18,18,18,14;l:35,35,35,27;\"\n\t\t\t\t\t\t\t\tdata-border=\"bos:solid;bow:2px,2px,2px,2px;bor:5px,5px,5px,5px;\"\n\t\t\t\t\t\t\t\tdata-frame_0=\"x:left;o:1;tp:600;\"\n\t\t\t\t\t\t\t\tdata-frame_1=\"x:0,0,0,0px;y:0,0,0,0px;tp:600;e:Power2.easeInOut;st:2000;sp:1000;sR:2000;\"\n\t\t\t\t\t\t\t\tdata-frame_999=\"x:left;tp:600;e:nothing;st:7500;sp:1000;sR:4500;\"\n\t\t\t\t\t\t\t\tdata-frame_hover=\"bgc:#ffa000;bor:5px,5px,5px,5px;bos:solid;bow:2px,2px,2px,2px;oX:50;oY:50;sp:0;\"\n\t\t\t\t\t\t\t\tstyle=\"z-index:7;background-color:rgba(255,160,0,1);font-family:Montserrat;text-transform:uppercase;cursor:pointer;outline:none;box-shadow:none;box-sizing:border-box;-moz-box-sizing:border-box;-webkit-box-sizing:border-box;\"\n\t\t\t\t\t\t\t>PROJELERE G\u00d6Z AT \n\t\t\t\t\t\t\t<\/rs-layer><!--\n\n\t\t\t\t\t\t\t--><rs-layer\n\t\t\t\t\t\t\t\tid=\"slider-1-slide-3-layer-5\" \n\t\t\t\t\t\t\t\tdata-type=\"text\"\n\t\t\t\t\t\t\t\tdata-color=\"rgba(255, 255, 255, 1)\"\n\t\t\t\t\t\t\t\tdata-rsp_ch=\"on\"\n\t\t\t\t\t\t\t\tdata-xy=\"x:c;y:m;yo:-210px,-210px,-141px,-193px;\"\n\t\t\t\t\t\t\t\tdata-text=\"w:nowrap,nowrap,normal,normal;s:25,25,30,30;l:40,40,30,30;fw:600;a:left,left,center,center;\"\n\t\t\t\t\t\t\t\tdata-dim=\"w:auto,auto,90%,90%;\"\n\t\t\t\t\t\t\t\tdata-frame_0=\"x:left;o:1;tp:600;\"\n\t\t\t\t\t\t\t\tdata-frame_1=\"tp:600;e:Power2.easeInOut;st:1500;sp:1000;sR:1500;\"\n\t\t\t\t\t\t\t\tdata-frame_999=\"x:left;tp:600;e:nothing;st:8000;sp:1000;sR:5500;\"\n\t\t\t\t\t\t\t\tstyle=\"z-index:8;font-family:Montserrat;text-transform:uppercase;\"\n\t\t\t\t\t\t\t>ARAMER PROJE  \n\t\t\t\t\t\t\t<\/rs-layer><!--\n-->\t\t\t\t\t\t<\/rs-slide>\n\t\t\t\t\t<\/rs-slides>\n\t\t\t\t\t<rs-progress class=\"rs-bottom\" style=\"visibility: hidden !important;\"><\/rs-progress>\n\t\t\t\t<\/rs-module>\n\t\t\t\t<script type=\"text\/javascript\">\n\t\t\t\t\tsetREVStartSize({c: 'rev_slider_1_1',rl:[1240,1240,778,480],el:[868,868,960,720],gw:[1240,1240,778,480],gh:[868,868,960,720],type:'standard',justify:'',layout:'fullscreen',offsetContainer:'',offset:'',mh:\"0\"});\n\t\t\t\t\tvar\trevapi1,\n\t\t\t\t\t\ttpj;\n\t\t\t\t\tjQuery(function() {\n\t\t\t\t\t\ttpj = jQuery;\n\t\t\t\t\t\tif(tpj(\"#rev_slider_1_1\").revolution == undefined){\n\t\t\t\t\t\t\trevslider_showDoubleJqueryError(\"#rev_slider_1_1\");\n\t\t\t\t\t\t}else{\n\t\t\t\t\t\t\trevapi1 = tpj(\"#rev_slider_1_1\").show().revolution({\n\t\t\t\t\t\t\t\tjsFileLocation:\"\/\/www.aramerproje.com\/wp-content\/plugins\/revslider\/public\/assets\/js\/\",\n\t\t\t\t\t\t\t\tsliderLayout:\"fullscreen\",\n\t\t\t\t\t\t\t\tvisibilityLevels:\"1240,1240,778,480\",\n\t\t\t\t\t\t\t\tgridwidth:\"1240,1240,778,480\",\n\t\t\t\t\t\t\t\tgridheight:\"868,868,960,720\",\n\t\t\t\t\t\t\t\tspinner:\"spinner0\",\n\t\t\t\t\t\t\t\teditorheight:\"868,768,960,720\",\n\t\t\t\t\t\t\t\tresponsiveLevels:\"1240,1240,778,480\",\n\t\t\t\t\t\t\t\tdisableProgressBar:\"on\",\n\t\t\t\t\t\t\t\tstopAtSlide:99,\n\t\t\t\t\t\t\t\tstopAfterLoops:99,\n\t\t\t\t\t\t\t\tstopLoop:true,\n\t\t\t\t\t\t\t\tnavigation: {\n\t\t\t\t\t\t\t\t\tmouseScrollNavigation:false,\n\t\t\t\t\t\t\t\t\tonHoverStop:false,\n\t\t\t\t\t\t\t\t\tarrows: {\n\t\t\t\t\t\t\t\t\t\tenable:true,\n\t\t\t\t\t\t\t\t\t\tstyle:\"hesperiden\",\n\t\t\t\t\t\t\t\t\t\tleft: {\n\t\t\t\t\t\t\t\t\t\t\th_offset:0\n\t\t\t\t\t\t\t\t\t\t},\n\t\t\t\t\t\t\t\t\t\tright: {\n\t\t\t\t\t\t\t\t\t\t\th_offset:0\n\t\t\t\t\t\t\t\t\t\t}\n\t\t\t\t\t\t\t\t\t}\n\t\t\t\t\t\t\t\t},\n\t\t\t\t\t\t\t\tfallbacks: {\n\t\t\t\t\t\t\t\t\tallowHTML5AutoPlayOnAndroid:true\n\t\t\t\t\t\t\t\t},\n\t\t\t\t\t\t\t});\n\t\t\t\t\t\t}\n\t\t\t\t\t\t\n\t\t\t\t\t});\n\t\t\t\t<\/script>\n\t\t\t\t<script>\n\t\t\t\t\tvar htmlDivCss = unescape(\"%23rev_slider_1_1_wrapper%20.hesperiden.tparrows%20%7B%0A%09cursor%3Apointer%3B%0A%09background%3Argba%280%2C0%2C0%2C0.5%29%3B%0A%09width%3A40px%3B%0A%09height%3A40px%3B%0A%09position%3Aabsolute%3B%0A%09display%3Ablock%3B%0A%09z-index%3A1000%3B%0A%20%20%20%20border-radius%3A%2050%25%3B%0A%7D%0A%23rev_slider_1_1_wrapper%20.hesperiden.tparrows%3Ahover%20%7B%0A%09background%3A%23000000%3B%0A%7D%0A%23rev_slider_1_1_wrapper%20.hesperiden.tparrows%3Abefore%20%7B%0A%09font-family%3A%20%27revicons%27%3B%0A%09font-size%3A20px%3B%0A%09color%3A%23ffffff%3B%0A%09display%3Ablock%3B%0A%09line-height%3A%2040px%3B%0A%09text-align%3A%20center%3B%0A%7D%0A%23rev_slider_1_1_wrapper%20.hesperiden.tparrows.tp-leftarrow%3Abefore%20%7B%0A%09content%3A%20%27%5Ce82c%27%3B%0A%20%20%20%20margin-left%3A-3px%3B%0A%7D%0A%23rev_slider_1_1_wrapper%20.hesperiden.tparrows.tp-rightarrow%3Abefore%20%7B%0A%09content%3A%20%27%5Ce82d%27%3B%0A%20%20%20%20margin-right%3A-3px%3B%0A%7D%0A\");\n\t\t\t\t\tvar htmlDiv = document.getElementById('rs-plugin-settings-inline-css');\n\t\t\t\t\tif(htmlDiv) {\n\t\t\t\t\t\thtmlDiv.innerHTML = htmlDiv.innerHTML + htmlDivCss;\n\t\t\t\t\t}else{\n\t\t\t\t\t\tvar htmlDiv = document.createElement('div');\n\t\t\t\t\t\thtmlDiv.innerHTML = '<style>' + htmlDivCss + '<\/style>';\n\t\t\t\t\t\tdocument.getElementsByTagName('head')[0].appendChild(htmlDiv.childNodes[0]);\n\t\t\t\t\t}\n\t\t\t\t<\/script>\n\t\t\t\t<script>\n\t\t\t\t\tvar htmlDivCss = unescape(\"%0A%0A\");\n\t\t\t\t\tvar htmlDiv = document.getElementById('rs-plugin-settings-inline-css');\n\t\t\t\t\tif(htmlDiv) {\n\t\t\t\t\t\thtmlDiv.innerHTML = htmlDiv.innerHTML + htmlDivCss;\n\t\t\t\t\t}else{\n\t\t\t\t\t\tvar htmlDiv = document.createElement('div');\n\t\t\t\t\t\thtmlDiv.innerHTML = '<style>' + htmlDivCss + '<\/style>';\n\t\t\t\t\t\tdocument.getElementsByTagName('head')[0].appendChild(htmlDiv.childNodes[0]);\n\t\t\t\t\t}\n\t\t\t\t<\/script>\n\t\t\t<\/rs-module-wrap>\n\t\t\t<!-- END REVOLUTION SLIDER -->\n[\/vc_column][\/vc_row][vc_row el_class=&#8221;mt-xxl&#8211;100-i mt-xl&#8211;100-i mt-lg&#8211;100-i mt-md&#8211;100-i mt-sm-80 mt-80&#8243;][vc_column width=&#8221;1\/3&#8243; css=&#8221;.vc_custom_1578131648809{padding-top: 0px !important;padding-right: 0px !important;padding-bottom: 0px !important;padding-left: 0px !important;}&#8221; el_class=&#8221;border-top-left box-top-remove mt&#8211;100-i&#8221;]\r\n\t\t<div class=\"highlight-inside\">\r\n\t\t\t<div class=\"highlight-inside\">\r\n                <div class=\"highlight-blog make-bg\" data-background=\"https:\/\/www.aramerproje.com\/wp-content\/uploads\/2017\/09\/timing.png\">\r\n                    <div class=\"highlight-up\"><img decoding=\"async\" src=\"https:\/\/www.aramerproje.com\/wp-content\/uploads\/2017\/09\/ic1.png\" alt=\"Zaman\u0131nda Teslim S\u00fcresi\"\/>\r\n                        <strong>Zaman\u0131nda Teslim S\u00fcresi<\/strong>\r\n                        <span>99% Zaman\u0131nda Teslim<\/span>\r\n                    <\/div>\r\n                <\/div>\r\n            <\/div>\r\n        <\/div>[\/vc_column][vc_column width=&#8221;1\/3&#8243; css=&#8221;.vc_custom_1578131652792{padding-top: 0px !important;padding-right: 0px !important;padding-bottom: 0px !important;padding-left: 0px !important;}&#8221; el_class=&#8221;border-top box-top-remove mt&#8211;100-i&#8221;]\r\n\t\t<div class=\"highlight-inside\">\r\n\t\t\t<div class=\"highlight-inside\">\r\n                <div class=\"highlight-blog make-bg\" data-background=\"https:\/\/www.aramerproje.com\/wp-content\/uploads\/2017\/09\/g-img2.png\">\r\n                    <div class=\"highlight-up\"><img decoding=\"async\" src=\"https:\/\/www.aramerproje.com\/wp-content\/uploads\/2017\/09\/ic2.png\" alt=\"Teknoloji ve \u00c7evre Bilinci\"\/>\r\n                        <strong>Teknoloji ve \u00c7evre Bilinci<\/strong>\r\n                        <span>Teknoloji ve \u00c7evre ile Dost<\/span>\r\n                    <\/div>\r\n                <\/div>\r\n            <\/div>\r\n        <\/div>[\/vc_column][vc_column width=&#8221;1\/3&#8243; css=&#8221;.vc_custom_1577766793217{padding-top: 0px !important;padding-right: 0px !important;padding-bottom: 0px !important;padding-left: 0px !important;}&#8221; el_class=&#8221;border-top-right box-top-remove mt&#8211;100-i&#8221;]\r\n\t\t<div class=\"highlight-inside\">\r\n\t\t\t<div class=\"highlight-inside\">\r\n                <div class=\"highlight-blog make-bg\" data-background=\"https:\/\/www.aramerproje.com\/wp-content\/uploads\/2017\/09\/g-img3.png\">\r\n                    <div class=\"highlight-up\"><img decoding=\"async\" src=\"https:\/\/www.aramerproje.com\/wp-content\/uploads\/2017\/09\/ic3.png\" alt=\"\u0130steklere Geri D\u00f6n\u00fc\u015f S\u00fcresi\"\/>\r\n                        <strong>\u0130steklere Geri D\u00f6n\u00fc\u015f S\u00fcresi<\/strong>\r\n                        <span>99% Zaman\u0131nda Geri D\u00f6n\u00fc\u015f<\/span>\r\n                    <\/div>\r\n                <\/div>\r\n            <\/div>\r\n        <\/div>[\/vc_column][vc_column css=&#8221;.vc_custom_1577766951622{padding-top: 0px !important;}&#8221;]<div class=\"sk-space\" id=\"sk-space-128800269969e89b336a1f7\"><\/div><style>#sk-space-128800269969e89b336a1f7{height:90px;}@media (max-width: 1200px){#sk-space-128800269969e89b336a1f7{height:70px;}}@media (max-width: 991px){#sk-space-128800269969e89b336a1f7{height:60px;}}@media (max-width: 767px){#sk-space-128800269969e89b336a1f7{height:50px;}}@media (max-width: 574px){#sk-space-128800269969e89b336a1f7{height:40px;}}<\/style>[\/vc_column][\/vc_row][vc_row][vc_column][vc_column_text css=&#8221;.vc_custom_1587901180287{margin-bottom: 0px !important;}&#8221;]<\/p>\n<div class=\"title-under\">\n<h3 style=\"text-align: center;\">H\u0130ZMETLER\u0130M\u0130Z<\/h3>\n<p style=\"text-align: center;\">Yap\u0131m Ve Projelendirme Alanlar\u0131nda G\u00fc\u00e7l\u00fc Kadromuz ile Hizmetinizdeyiz.<\/p>\n<p style=\"text-align: center;\"><img decoding=\"async\" src=\"https:\/\/www.aramerproje.com\/wp-content\/uploads\/2017\/09\/uniq-icon.png\" alt=\"title icon\" \/><\/p>\n<\/div>\n<p>[\/vc_column_text][\/vc_column][\/vc_row][vc_row full_width=&#8221;stretch_row&#8221; content_placement=&#8221;middle&#8221; css=&#8221;.vc_custom_1577767297783{background-image: url(https:\/\/www.aramerproje.com\/wp-content\/uploads\/2017\/09\/welcome-bg.jpg?id=1104) !important;}&#8221;][vc_column css=&#8221;.vc_custom_1577767361178{padding-top: 0px !important;}&#8221;][\/vc_column][vc_column width=&#8221;1\/2&#8243; css=&#8221;.vc_custom_1577767338595{padding-top: 0px !important;}&#8221;][vc_column_text css=&#8221;.vc_custom_1587901336059{margin-bottom: 0px !important;}&#8221;]<\/p>\n<h3 class=\"counter-expand-left-heading\">ARAMER PROJE&#8217;YE HO\u015eGELD\u0130N\u0130Z<\/h3>\n<p>M\u00fchendislik alan\u0131nda kaliteli i\u015fler yapmay\u0131 ilke edinmi\u015f, gen\u00e7 ve dinamik bir firma olarak, 5 Temmuz 2017 tarihinde Kurulmu\u015ftur. Kurulu\u015fundan Bug\u00fcne kadar Yapt\u0131\u011f\u0131 t\u00fcm i\u015flerde; yetkin personelleri ile taahh\u00fct edilen s\u00fcre ve kalitede, m\u00fc\u015fteri memnuniyetini hassasiyet ile g\u00f6zeterek i\u015flerimizi teslim etmek birinci \u00f6nceli\u011fimizdir.[\/vc_column_text][vc_row_inner][vc_column_inner]<div class=\"sk-space\" id=\"sk-space-107828829569e89b336a250\"><\/div><style>#sk-space-107828829569e89b336a250{height:20px;}<\/style>[\/vc_column_inner][vc_column_inner width=&#8221;1\/2&#8243;][vc_column_text el_class=&#8221;counter-expand-left&#8221; css=&#8221;.vc_custom_1587902069399{margin-bottom: 0px !important;}&#8221;]<\/p>\n<p style=\"text-align: left;\"><a class=\"btn-expert-common btn-expert-theme\" href=\"#\">DAHA FAZLA B\u0130LG\u0130<\/a><\/p>\n<p>[\/vc_column_text][\/vc_column_inner][vc_column_inner width=&#8221;1\/2&#8243;][vc_column_text el_class=&#8221;counter-expand-left&#8221;]<a class=\"btn-expert-common btn-expert-theme\" href=\"#\">PROJELER<\/a>[\/vc_column_text][\/vc_column_inner][\/vc_row_inner][\/vc_column][vc_column width=&#8221;1\/2&#8243; css=&#8221;.vc_custom_1577767342743{padding-top: 0px !important;}&#8221;][vc_row_inner][vc_column_inner width=&#8221;1\/2&#8243; offset=&#8221;vc_col-lg-4 vc_col-md-4 vc_col-xs-6&#8243; css=&#8221;.vc_custom_1578132440990{padding-top: 0px !important;padding-right: 0px !important;padding-bottom: 0px !important;padding-left: 0px !important;}&#8221;]\r\n\t\t<div class=\"project-count project-count-v3\">\r\n\t\t\t<div class=\"counter-comunity make-bg\" data-background=\"https:\/\/www.aramerproje.com\/wp-content\/uploads\/2017\/09\/g-img7.png\">\r\n\t            <div class=\"comunity-up\">\r\n\t                <strong class=\"timer\">34<\/strong>\r\n\t                <span>PROJELEND\u0130RME<\/span>\r\n\t            <\/div>\r\n\t        <\/div>\r\n\t    <\/div>[\/vc_column_inner][vc_column_inner width=&#8221;1\/2&#8243; offset=&#8221;vc_col-lg-4 vc_col-md-4 vc_col-xs-6&#8243; css=&#8221;.vc_custom_1578132448309{padding-top: 0px !important;padding-right: 0px !important;padding-bottom: 0px !important;padding-left: 0px !important;}&#8221;]\r\n\t\t<div class=\"project-count project-count-v3\">\r\n\t\t\t<div class=\"counter-comunity make-bg\" data-background=\"https:\/\/www.aramerproje.com\/wp-content\/uploads\/2017\/09\/g-img8.png\">\r\n\t            <div class=\"comunity-up\">\r\n\t                <strong class=\"timer\">2<\/strong>\r\n\t                <span>MODELLEME \u0130\u015eLEMLER\u0130<\/span>\r\n\t            <\/div>\r\n\t        <\/div>\r\n\t    <\/div>[\/vc_column_inner][vc_column_inner width=&#8221;1\/2&#8243; offset=&#8221;vc_col-lg-4 vc_col-md-4 vc_col-xs-6&#8243; css=&#8221;.vc_custom_1578132453157{padding-top: 0px !important;padding-right: 0px !important;padding-bottom: 0px !important;padding-left: 0px !important;}&#8221;]\r\n\t\t<div class=\"project-count project-count-v3\">\r\n\t\t\t<div class=\"counter-comunity make-bg\" data-background=\"https:\/\/www.aramerproje.com\/wp-content\/uploads\/2017\/09\/g-img9.png\">\r\n\t            <div class=\"comunity-up\">\r\n\t                <strong class=\"timer\">8<\/strong>\r\n\t                <span>TAD\u0130LAT \u0130\u015eLER\u0130<\/span>\r\n\t            <\/div>\r\n\t        <\/div>\r\n\t    <\/div>[\/vc_column_inner][vc_column_inner width=&#8221;1\/2&#8243; offset=&#8221;vc_col-lg-4 vc_col-md-4 vc_col-xs-6&#8243; css=&#8221;.vc_custom_1578132458197{padding-top: 0px !important;padding-right: 0px !important;padding-bottom: 0px !important;padding-left: 0px !important;}&#8221;]\r\n\t\t<div class=\"project-count project-count-v3\">\r\n\t\t\t<div class=\"counter-comunity make-bg\" data-background=\"https:\/\/www.aramerproje.com\/wp-content\/uploads\/2017\/09\/g-img10.png\">\r\n\t            <div class=\"comunity-up\">\r\n\t                <strong class=\"timer\">7<\/strong>\r\n\t                <span>END\u00dcSTR\u0130YEL YAPI PROJELER\u0130<\/span>\r\n\t            <\/div>\r\n\t        <\/div>\r\n\t    <\/div>[\/vc_column_inner][vc_column_inner width=&#8221;1\/2&#8243; offset=&#8221;vc_col-lg-4 vc_col-md-4 vc_col-xs-6&#8243; css=&#8221;.vc_custom_1578132462829{padding-top: 0px !important;padding-right: 0px !important;padding-bottom: 0px !important;padding-left: 0px !important;}&#8221;]\r\n\t\t<div class=\"project-count project-count-v3\">\r\n\t\t\t<div class=\"counter-comunity make-bg\" data-background=\"https:\/\/www.aramerproje.com\/wp-content\/uploads\/2017\/09\/g-img11.png\">\r\n\t            <div class=\"comunity-up\">\r\n\t                <strong class=\"timer\">14<\/strong>\r\n\t                <span>KE\u015e\u0130F, \u0130HALE DOSYASI \u0130\u015eLEMLER\u0130<\/span>\r\n\t            <\/div>\r\n\t        <\/div>\r\n\t    <\/div>[\/vc_column_inner][vc_column_inner width=&#8221;1\/2&#8243; offset=&#8221;vc_col-lg-4 vc_col-md-4 vc_col-xs-6&#8243; css=&#8221;.vc_custom_1578132467381{padding-top: 0px !important;padding-right: 0px !important;padding-bottom: 0px !important;padding-left: 0px !important;}&#8221;]\r\n\t\t<div class=\"project-count project-count-v3\">\r\n\t\t\t<div class=\"counter-comunity make-bg\" data-background=\"https:\/\/www.aramerproje.com\/wp-content\/uploads\/2017\/09\/g-img12.png\">\r\n\t            <div class=\"comunity-up\">\r\n\t                <strong class=\"timer\">7<\/strong>\r\n\t                <span>\u015eANT\u0130YE \u015eEFL\u0130\u011e\u0130<\/span>\r\n\t            <\/div>\r\n\t        <\/div>\r\n\t    <\/div>[\/vc_column_inner][\/vc_row_inner][\/vc_column][\/vc_row]<\/p>\n","protected":false},"excerpt":{"rendered":"<p>[vc_row][vc_column][\/vc_column][\/vc_row][vc_row el_class=&#8221;mt-xxl&#8211;100-i mt-xl&#8211;100-i mt-lg&#8211;100-i mt-md&#8211;100-i mt-sm-80 mt-80&#8243;][vc_column width=&#8221;1\/3&#8243; css=&#8221;.vc_custom_1578131648809{padding-top: 0px !important;padding-right: 0px !important;padding-bottom: 0px !important;padding-left: 0px !important;}&#8221; el_class=&#8221;border-top-left box-top-remove mt&#8211;100-i&#8221;][\/vc_column][vc_column width=&#8221;1\/3&#8243; css=&#8221;.vc_custom_1578131652792{padding-top: 0px !important;padding-right: 0px !important;padding-bottom: 0px !important;padding-left: 0px !important;}&#8221; el_class=&#8221;border-top box-top-remove mt&#8211;100-i&#8221;][\/vc_column][vc_column width=&#8221;1\/3&#8243; css=&#8221;.vc_custom_1577766793217{padding-top: 0px !important;padding-right: 0px !important;padding-bottom: 0px !important;padding-left: 0px !important;}&#8221; el_class=&#8221;border-top-right box-top-remove mt&#8211;100-i&#8221;][\/vc_column][vc_column css=&#8221;.vc_custom_1577766951622{padding-top: 0px !important;}&#8221;][\/vc_column][\/vc_row][vc_row][vc_column][vc_column_text css=&#8221;.vc_custom_1587901180287{margin-bottom: 0px !important;}&#8221;] H\u0130ZMETLER\u0130M\u0130Z Yap\u0131m Ve [&hellip;]<\/p>\n","protected":false},"author":2,"featured_media":0,"parent":0,"menu_order":0,"comment_status":"closed","ping_status":"closed","template":"templates\/vc-page-template.php","meta":{"footnotes":""},"class_list":["post-1072","page","type-page","status-publish","hentry"],"_links":{"self":[{"href":"https:\/\/www.aramerproje.com\/index.php?rest_route=\/wp\/v2\/pages\/1072","targetHints":{"allow":["GET"]}}],"collection":[{"href":"https:\/\/www.aramerproje.com\/index.php?rest_route=\/wp\/v2\/pages"}],"about":[{"href":"https:\/\/www.aramerproje.com\/index.php?rest_route=\/wp\/v2\/types\/page"}],"author":[{"embeddable":true,"href":"https:\/\/www.aramerproje.com\/index.php?rest_route=\/wp\/v2\/users\/2"}],"replies":[{"embeddable":true,"href":"https:\/\/www.aramerproje.com\/index.php?rest_route=%2Fwp%2Fv2%2Fcomments&post=1072"}],"version-history":[{"count":41,"href":"https:\/\/www.aramerproje.com\/index.php?rest_route=\/wp\/v2\/pages\/1072\/revisions"}],"predecessor-version":[{"id":1701,"href":"https:\/\/www.aramerproje.com\/index.php?rest_route=\/wp\/v2\/pages\/1072\/revisions\/1701"}],"wp:attachment":[{"href":"https:\/\/www.aramerproje.com\/index.php?rest_route=%2Fwp%2Fv2%2Fmedia&parent=1072"}],"curies":[{"name":"wp","href":"https:\/\/api.w.org\/{rel}","templated":true}]}}